{"id":81,"date":"2023-08-02T16:45:54","date_gmt":"2023-08-02T19:45:54","guid":{"rendered":"http:\/\/tecnolegal.com.br\/cgadv\/?page_id=81"},"modified":"2023-08-02T19:20:38","modified_gmt":"2023-08-02T22:20:38","slug":"historia","status":"publish","type":"page","link":"https:\/\/tecnolegal.com.br\/cgadv\/?page_id=81","title":{"rendered":"Hist\u00f3ria"},"content":{"rendered":"\n<p>A sociedade<strong>&nbsp;Caldas Gois Advogados Associados<\/strong>&nbsp;tem uma tradi\u00e7\u00e3o de mais de 57 anos de servi\u00e7os prestados \u00e0 comunidade maranhense.<\/p>\n\n\n\n<p>Iniciada em 1966, quando o seu s\u00f3cio fundador&nbsp;<strong>Jos\u00e9 Caldas Gois<\/strong>&nbsp;se graduou em Direito pela Universidade Federal do Maranh\u00e3o e iniciou suas atividades no foro de S\u00e3o Lu\u00eds, pelo seu escrit\u00f3rio j\u00e1 passaram v\u00e1rias gera\u00e7\u00f5es de advogados muitos dos quais hoje exercem suas fun\u00e7\u00f5es n\u00e3o somente na advocacia mas tamb\u00e9m em outras carreiras jur\u00eddicas como a Magistratura e o Minist\u00e9rio P\u00fablico.<\/p>\n\n\n\n<p>Atualmente a sociedade conta com uma equipe composta de advogados Mestres e Especialistas em Direito, todos capacitados atrav\u00e9s de treinamentos e avalia\u00e7\u00f5es constantes a prestarem o melhor servi\u00e7o poss\u00edvel aos clientes diretos e indiretos.<\/p>\n\n\n\n<p>Caldas Gois Advogados Associados conta ainda com instala\u00e7\u00f5es em escrit\u00f3rio com f\u00e1cil acesso ao Tribunal Estadual e aos f\u00f3runs da Justi\u00e7a Comum, Federal e do Trabalho e amplo estacionamento.<\/p>\n\n\n\n<p>Gra\u00e7as a um longo e gradual processo de informatiza\u00e7\u00e3o todo o processamento e acompanhamento dos casos confiados ao escrit\u00f3rio \u00e9 feito com a ajuda de meios informatizados. Todos os sistemas, desde a edi\u00e7\u00e3o de textos at\u00e9 o acompanhamento processual, est\u00e3o integrados atrav\u00e9s de um rede interna de computadores que, por sua vez, se conecta com a internet atrav\u00e9s de um servidor com firewall garantindo agilidade e seguran\u00e7a no tratamento de dados.<\/p>\n\n\n\n<p>Todas estas caracter\u00edsticas facilitam o trabalho e a presta\u00e7\u00e3o de bons servi\u00e7os aos seus clientes e aos clientes dos seus clientes garantindo um atendimento no n\u00edvel dos melhores escrit\u00f3rio do pa\u00eds.<\/p>\n\n\n\n<p>Atualmente, a sociedade Caldas Gois Advogados Associados vem dedicando maior espa\u00e7o de atua\u00e7\u00e3o ao Direito Empresarial, \u00e1rea na qual j\u00e1 tem reconhecida presen\u00e7a dentro de S\u00e3o Lu\u00eds prestando, inclusive, seus servi\u00e7os \u00e0s principais entidades empresariais do Estado, al\u00e9m de Bancos, empresas comerciais e de cr\u00e9dito.<\/p>\n","protected":false},"excerpt":{"rendered":"<p>A sociedade&nbsp;Caldas Gois Advogados Associados&nbsp;tem uma tradi\u00e7\u00e3o de mais de 57 anos de servi\u00e7os prestados \u00e0 comunidade maranhense. Iniciada em 1966, quando o seu s\u00f3cio fundador&nbsp;Jos\u00e9 Caldas Gois&nbsp;se graduou em Direito pela Universidade Federal do Maranh\u00e3o e iniciou suas atividades no foro de S\u00e3o Lu\u00eds, pelo seu escrit\u00f3rio j\u00e1 passaram v\u00e1rias gera\u00e7\u00f5es de advogados muitos [&hellip;]<\/p>\n","protected":false},"author":1,"featured_media":0,"parent":0,"menu_order":0,"comment_status":"closed","ping_status":"closed","template":"","meta":[],"blocksy_meta":[],"_links":{"self":[{"href":"https:\/\/tecnolegal.com.br\/cgadv\/index.php?rest_route=\/wp\/v2\/pages\/81"}],"collection":[{"href":"https:\/\/tecnolegal.com.br\/cgadv\/index.php?rest_route=\/wp\/v2\/pages"}],"about":[{"href":"https:\/\/tecnolegal.com.br\/cgadv\/index.php?rest_route=\/wp\/v2\/types\/page"}],"author":[{"embeddable":true,"href":"https:\/\/tecnolegal.com.br\/cgadv\/index.php?rest_route=\/wp\/v2\/users\/1"}],"replies":[{"embeddable":true,"href":"https:\/\/tecnolegal.com.br\/cgadv\/index.php?rest_route=%2Fwp%2Fv2%2Fcomments&post=81"}],"version-history":[{"count":3,"href":"https:\/\/tecnolegal.com.br\/cgadv\/index.php?rest_route=\/wp\/v2\/pages\/81\/revisions"}],"predecessor-version":[{"id":133,"href":"https:\/\/tecnolegal.com.br\/cgadv\/index.php?rest_route=\/wp\/v2\/pages\/81\/revisions\/133"}],"wp:attachment":[{"href":"https:\/\/tecnolegal.com.br\/cgadv\/index.php?rest_route=%2Fwp%2Fv2%2Fmedia&parent=81"}],"curies":[{"name":"wp","href":"https:\/\/api.w.org\/{rel}","templated":true}]}}