{"id":82,"date":"2023-08-02T16:45:54","date_gmt":"2023-08-02T19:45:54","guid":{"rendered":"http:\/\/tecnolegal.com.br\/cgadv\/?page_id=82"},"modified":"2023-08-04T08:24:23","modified_gmt":"2023-08-04T11:24:23","slug":"equipe","status":"publish","type":"page","link":"https:\/\/tecnolegal.com.br\/cgadv\/?page_id=82","title":{"rendered":"Equipe jur\u00eddica"},"content":{"rendered":"\n<hr class=\"wp-block-separator has-alpha-channel-opacity is-style-wide\"\/>\n\n\n\n<div class=\"wp-block-media-text alignwide is-stacked-on-mobile\" style=\"grid-template-columns:15% auto\"><figure class=\"wp-block-media-text__media\"><img decoding=\"async\" loading=\"lazy\" width=\"934\" height=\"1024\" src=\"https:\/\/tecnolegal.com.br\/cgadv\/wp-content\/uploads\/2023\/08\/Picsart_23-08-03_23-54-05-866-934x1024.jpg\" alt=\"\" class=\"wp-image-163 size-full\" srcset=\"https:\/\/tecnolegal.com.br\/cgadv\/wp-content\/uploads\/2023\/08\/Picsart_23-08-03_23-54-05-866-934x1024.jpg 934w, https:\/\/tecnolegal.com.br\/cgadv\/wp-content\/uploads\/2023\/08\/Picsart_23-08-03_23-54-05-866-274x300.jpg 274w, https:\/\/tecnolegal.com.br\/cgadv\/wp-content\/uploads\/2023\/08\/Picsart_23-08-03_23-54-05-866-768x842.jpg 768w, https:\/\/tecnolegal.com.br\/cgadv\/wp-content\/uploads\/2023\/08\/Picsart_23-08-03_23-54-05-866-1402x1536.jpg 1402w, https:\/\/tecnolegal.com.br\/cgadv\/wp-content\/uploads\/2023\/08\/Picsart_23-08-03_23-54-05-866-1869x2048.jpg 1869w\" sizes=\"(max-width: 934px) 100vw, 934px\" \/><\/figure><div class=\"wp-block-media-text__content\">\n<p><strong>JOS\u00c9 CALDAS GOIS:<\/strong> Bacharel em Direito pela Universidade Federal do Maranh\u00e3o, especialista em Direito Empresarial, fundador do Escrit\u00f3rio Bras\u00edlia em 1966 que viria se transformar na sociedade Caldas Gois Advogados Associados. Foi conselheiro, vice presidente e Presidente da Ordem dos Advogados do Brasil Se\u00e7\u00e3o do Maranh\u00e3o por dois mandatos. <\/p>\n<\/div><\/div>\n\n\n\n<div class=\"wp-block-media-text alignwide is-stacked-on-mobile\" style=\"grid-template-columns:15% auto\"><figure class=\"wp-block-media-text__media\"><img decoding=\"async\" loading=\"lazy\" width=\"300\" height=\"371\" src=\"https:\/\/tecnolegal.com.br\/cgadv\/wp-content\/uploads\/2023\/08\/Picsart_23-08-03_23-24-41-978.png\" alt=\"\" class=\"wp-image-161 size-full\" srcset=\"https:\/\/tecnolegal.com.br\/cgadv\/wp-content\/uploads\/2023\/08\/Picsart_23-08-03_23-24-41-978.png 300w, https:\/\/tecnolegal.com.br\/cgadv\/wp-content\/uploads\/2023\/08\/Picsart_23-08-03_23-24-41-978-243x300.png 243w\" sizes=\"(max-width: 300px) 100vw, 300px\" \/><\/figure><div class=\"wp-block-media-text__content\">\n<p><strong>JOS\u00c9 CALDAS GOIS J\u00daNIOR<\/strong>: Bacharel em Direito pela Universidade Federal do Maranh\u00e3o, especialista em Metodologia do Ensino Superior, Mestre em Direito P\u00fablico pela UFPE, Professor Mestre no Curso de Direito da  UNIVERSIDADE ESTADUAL DO MARANH\u00c3O e UNIVERSIDADE CEUMA, Coordenador do N\u00facleo de Pesquisas em Direito de Inform\u00e1tica e S\u00f3cio de Caldas Gois Advogados Associados. Doutorando em Direito FADISP (SP).<\/p>\n<\/div><\/div>\n\n\n\n<div class=\"wp-block-media-text alignwide is-stacked-on-mobile\" style=\"grid-template-columns:15% auto\"><figure class=\"wp-block-media-text__media\"><img decoding=\"async\" loading=\"lazy\" width=\"1024\" height=\"1017\" src=\"https:\/\/tecnolegal.com.br\/cgadv\/wp-content\/uploads\/2023\/08\/Vanessa-perfil-1024x1017.jpg\" alt=\"\" class=\"wp-image-188 size-full\" srcset=\"https:\/\/tecnolegal.com.br\/cgadv\/wp-content\/uploads\/2023\/08\/Vanessa-perfil-1024x1017.jpg 1024w, https:\/\/tecnolegal.com.br\/cgadv\/wp-content\/uploads\/2023\/08\/Vanessa-perfil-300x298.jpg 300w, https:\/\/tecnolegal.com.br\/cgadv\/wp-content\/uploads\/2023\/08\/Vanessa-perfil-150x150.jpg 150w, https:\/\/tecnolegal.com.br\/cgadv\/wp-content\/uploads\/2023\/08\/Vanessa-perfil-768x763.jpg 768w, https:\/\/tecnolegal.com.br\/cgadv\/wp-content\/uploads\/2023\/08\/Vanessa-perfil-1536x1526.jpg 1536w, https:\/\/tecnolegal.com.br\/cgadv\/wp-content\/uploads\/2023\/08\/Vanessa-perfil-2048x2034.jpg 2048w\" sizes=\"(max-width: 1024px) 100vw, 1024px\" \/><\/figure><div class=\"wp-block-media-text__content\">\n<p><strong>VANESSA ARA\u00daJO DE SOUZA: <\/strong>Bacharel em Direito pela Faculdade CEUMA, Advogada de Caldas Gois Advogados Associados, especialista em Direito Civil e Processo Civil, Membro da Comiss\u00e3o de Direito de Fam\u00edlia da OAB\/MA e Professora Universit\u00e1ria na disciplina Direito Empresarial na FAENE.<\/p>\n<\/div><\/div>\n\n\n\n<div class=\"wp-block-media-text alignwide is-stacked-on-mobile\" style=\"grid-template-columns:15% auto\"><figure class=\"wp-block-media-text__media\"><img decoding=\"async\" loading=\"lazy\" width=\"780\" height=\"777\" src=\"https:\/\/tecnolegal.com.br\/cgadv\/wp-content\/uploads\/2023\/08\/Picsart_23-08-03_22-56-11-310.png\" alt=\"\" class=\"wp-image-157 size-full\" srcset=\"https:\/\/tecnolegal.com.br\/cgadv\/wp-content\/uploads\/2023\/08\/Picsart_23-08-03_22-56-11-310.png 780w, https:\/\/tecnolegal.com.br\/cgadv\/wp-content\/uploads\/2023\/08\/Picsart_23-08-03_22-56-11-310-300x300.png 300w, https:\/\/tecnolegal.com.br\/cgadv\/wp-content\/uploads\/2023\/08\/Picsart_23-08-03_22-56-11-310-150x150.png 150w, https:\/\/tecnolegal.com.br\/cgadv\/wp-content\/uploads\/2023\/08\/Picsart_23-08-03_22-56-11-310-768x765.png 768w\" sizes=\"(max-width: 780px) 100vw, 780px\" \/><\/figure><div class=\"wp-block-media-text__content\">\n<p><strong>RAUCIANA FERREIRA DE SOUZA:<\/strong> Bacharela em Direito pela Universidade Estadual do Maranh\u00e3o- UEMA, P\u00f3s-graduada em Gest\u00e3o Tribut\u00e1ria pela Universidade de S\u00e3o Paulo \u2013 USP. Especialista em Direito Previdenci\u00e1rio. Professora do Instituto Estadual de Educa\u00e7\u00e3o, Ci\u00eancia e Tecnologia do Maranh\u00e3o -IEMA. Advogada do escrit\u00f3rio Caldas Gois Advogados Associados.<\/p>\n<\/div><\/div>\n\n\n\n<div class=\"wp-block-media-text alignwide is-stacked-on-mobile\" style=\"grid-template-columns:15% auto\"><figure class=\"wp-block-media-text__media\"><img decoding=\"async\" loading=\"lazy\" width=\"1017\" height=\"1024\" src=\"https:\/\/tecnolegal.com.br\/cgadv\/wp-content\/uploads\/2023\/08\/Picsart_23-08-03_23-00-25-458-1017x1024.png\" alt=\"\" class=\"wp-image-159 size-full\" srcset=\"https:\/\/tecnolegal.com.br\/cgadv\/wp-content\/uploads\/2023\/08\/Picsart_23-08-03_23-00-25-458-1017x1024.png 1017w, https:\/\/tecnolegal.com.br\/cgadv\/wp-content\/uploads\/2023\/08\/Picsart_23-08-03_23-00-25-458-298x300.png 298w, https:\/\/tecnolegal.com.br\/cgadv\/wp-content\/uploads\/2023\/08\/Picsart_23-08-03_23-00-25-458-150x150.png 150w, https:\/\/tecnolegal.com.br\/cgadv\/wp-content\/uploads\/2023\/08\/Picsart_23-08-03_23-00-25-458-768x773.png 768w, https:\/\/tecnolegal.com.br\/cgadv\/wp-content\/uploads\/2023\/08\/Picsart_23-08-03_23-00-25-458.png 1236w\" sizes=\"(max-width: 1017px) 100vw, 1017px\" \/><\/figure><div class=\"wp-block-media-text__content\">\n<p><strong>DAVID LINO ARAG\u00c3O:<\/strong> Bacharel em Direito pela Universidade Estadual do Maranh\u00e3o (UEMA) e advogado de Caldas Gois Advogados Associados, P\u00f3s-gradua\u00e7\u00e3o Lato Sensu &#8211; MBA em Gest\u00e3o Tribut\u00e1ria na institui\u00e7\u00e3o de ensino MBA USP\/Esalq.<\/p>\n<\/div><\/div>\n","protected":false},"excerpt":{"rendered":"<p>JOS\u00c9 CALDAS GOIS: Bacharel em Direito pela Universidade Federal do Maranh\u00e3o, especialista em Direito Empresarial, fundador do Escrit\u00f3rio Bras\u00edlia em 1966 que viria se transformar na sociedade Caldas Gois Advogados Associados. Foi conselheiro, vice presidente e Presidente da Ordem dos Advogados do Brasil Se\u00e7\u00e3o do Maranh\u00e3o por dois mandatos. JOS\u00c9 CALDAS GOIS J\u00daNIOR: Bacharel em [&hellip;]<\/p>\n","protected":false},"author":1,"featured_media":0,"parent":0,"menu_order":0,"comment_status":"closed","ping_status":"closed","template":"","meta":[],"blocksy_meta":{"page_structure_type":"type-3","content_style_source":"inherit","content_style":{"desktop":"boxed","tablet":"boxed","mobile":"boxed","__changed":[]}},"_links":{"self":[{"href":"https:\/\/tecnolegal.com.br\/cgadv\/index.php?rest_route=\/wp\/v2\/pages\/82"}],"collection":[{"href":"https:\/\/tecnolegal.com.br\/cgadv\/index.php?rest_route=\/wp\/v2\/pages"}],"about":[{"href":"https:\/\/tecnolegal.com.br\/cgadv\/index.php?rest_route=\/wp\/v2\/types\/page"}],"author":[{"embeddable":true,"href":"https:\/\/tecnolegal.com.br\/cgadv\/index.php?rest_route=\/wp\/v2\/users\/1"}],"replies":[{"embeddable":true,"href":"https:\/\/tecnolegal.com.br\/cgadv\/index.php?rest_route=%2Fwp%2Fv2%2Fcomments&post=82"}],"version-history":[{"count":9,"href":"https:\/\/tecnolegal.com.br\/cgadv\/index.php?rest_route=\/wp\/v2\/pages\/82\/revisions"}],"predecessor-version":[{"id":190,"href":"https:\/\/tecnolegal.com.br\/cgadv\/index.php?rest_route=\/wp\/v2\/pages\/82\/revisions\/190"}],"wp:attachment":[{"href":"https:\/\/tecnolegal.com.br\/cgadv\/index.php?rest_route=%2Fwp%2Fv2%2Fmedia&parent=82"}],"curies":[{"name":"wp","href":"https:\/\/api.w.org\/{rel}","templated":true}]}}

Equipe jurídica

<hr class="wp-block-separator has-alpha-channel-opacity is-style-wide"/>



<div class="wp-block-media-text alignwide is-stacked-on-mobile" style="grid-template-columns:15% auto"><figure class="wp-block-media-text__media"><img decoding="async" loading="lazy" width="934" height="1024" src="https://tecnolegal.com.br/cgadv/wp-content/uploads/2023/08/Picsart_23-08-03_23-54-05-866-934x1024.jpg" alt="" class="wp-image-163 size-full" srcset="https://tecnolegal.com.br/cgadv/wp-content/uploads/2023/08/Picsart_23-08-03_23-54-05-866-934x1024.jpg 934w, https://tecnolegal.com.br/cgadv/wp-content/uploads/2023/08/Picsart_23-08-03_23-54-05-866-274x300.jpg 274w, https://tecnolegal.com.br/cgadv/wp-content/uploads/2023/08/Picsart_23-08-03_23-54-05-866-768x842.jpg 768w, https://tecnolegal.com.br/cgadv/wp-content/uploads/2023/08/Picsart_23-08-03_23-54-05-866-1402x1536.jpg 1402w, https://tecnolegal.com.br/cgadv/wp-content/uploads/2023/08/Picsart_23-08-03_23-54-05-866-1869x2048.jpg 1869w" sizes="(max-width: 934px) 100vw, 934px" /></figure><div class="wp-block-media-text__content">
<p><strong>JOSÉ CALDAS GOIS:</strong> Bacharel em Direito pela Universidade Federal do Maranhão, especialista em Direito Empresarial, fundador do Escritório Brasília em 1966 que viria se transformar na sociedade Caldas Gois Advogados Associados. Foi conselheiro, vice presidente e Presidente da Ordem dos Advogados do Brasil Seção do Maranhão por dois mandatos. </p>
</div></div>



<div class="wp-block-media-text alignwide is-stacked-on-mobile" style="grid-template-columns:15% auto"><figure class="wp-block-media-text__media"><img decoding="async" loading="lazy" width="300" height="371" src="https://tecnolegal.com.br/cgadv/wp-content/uploads/2023/08/Picsart_23-08-03_23-24-41-978.png" alt="" class="wp-image-161 size-full" srcset="https://tecnolegal.com.br/cgadv/wp-content/uploads/2023/08/Picsart_23-08-03_23-24-41-978.png 300w, https://tecnolegal.com.br/cgadv/wp-content/uploads/2023/08/Picsart_23-08-03_23-24-41-978-243x300.png 243w" sizes="(max-width: 300px) 100vw, 300px" /></figure><div class="wp-block-media-text__content">
<p><strong>JOSÉ CALDAS GOIS JÚNIOR</strong>: Bacharel em Direito pela Universidade Federal do Maranhão, especialista em Metodologia do Ensino Superior, Mestre em Direito Público pela UFPE, Professor Mestre no Curso de Direito da  UNIVERSIDADE ESTADUAL DO MARANHÃO e UNIVERSIDADE CEUMA, Coordenador do Núcleo de Pesquisas em Direito de Informática e Sócio de Caldas Gois Advogados Associados. Doutorando em Direito FADISP (SP).</p>
</div></div>



<div class="wp-block-media-text alignwide is-stacked-on-mobile" style="grid-template-columns:15% auto"><figure class="wp-block-media-text__media"><img decoding="async" loading="lazy" width="1024" height="1017" src="https://tecnolegal.com.br/cgadv/wp-content/uploads/2023/08/Vanessa-perfil-1024x1017.jpg" alt="" class="wp-image-188 size-full" srcset="https://tecnolegal.com.br/cgadv/wp-content/uploads/2023/08/Vanessa-perfil-1024x1017.jpg 1024w, https://tecnolegal.com.br/cgadv/wp-content/uploads/2023/08/Vanessa-perfil-300x298.jpg 300w, https://tecnolegal.com.br/cgadv/wp-content/uploads/2023/08/Vanessa-perfil-150x150.jpg 150w, https://tecnolegal.com.br/cgadv/wp-content/uploads/2023/08/Vanessa-perfil-768x763.jpg 768w, https://tecnolegal.com.br/cgadv/wp-content/uploads/2023/08/Vanessa-perfil-1536x1526.jpg 1536w, https://tecnolegal.com.br/cgadv/wp-content/uploads/2023/08/Vanessa-perfil-2048x2034.jpg 2048w" sizes="(max-width: 1024px) 100vw, 1024px" /></figure><div class="wp-block-media-text__content">
<p><strong>VANESSA ARAÚJO DE SOUZA: </strong>Bacharel em Direito pela Faculdade CEUMA, Advogada de Caldas Gois Advogados Associados, especialista em Direito Civil e Processo Civil, Membro da Comissão de Direito de Família da OAB/MA e Professora Universitária na disciplina Direito Empresarial na FAENE.</p>
</div></div>



<div class="wp-block-media-text alignwide is-stacked-on-mobile" style="grid-template-columns:15% auto"><figure class="wp-block-media-text__media"><img decoding="async" loading="lazy" width="780" height="777" src="https://tecnolegal.com.br/cgadv/wp-content/uploads/2023/08/Picsart_23-08-03_22-56-11-310.png" alt="" class="wp-image-157 size-full" srcset="https://tecnolegal.com.br/cgadv/wp-content/uploads/2023/08/Picsart_23-08-03_22-56-11-310.png 780w, https://tecnolegal.com.br/cgadv/wp-content/uploads/2023/08/Picsart_23-08-03_22-56-11-310-300x300.png 300w, https://tecnolegal.com.br/cgadv/wp-content/uploads/2023/08/Picsart_23-08-03_22-56-11-310-150x150.png 150w, https://tecnolegal.com.br/cgadv/wp-content/uploads/2023/08/Picsart_23-08-03_22-56-11-310-768x765.png 768w" sizes="(max-width: 780px) 100vw, 780px" /></figure><div class="wp-block-media-text__content">
<p><strong>RAUCIANA FERREIRA DE SOUZA:</strong> Bacharela em Direito pela Universidade Estadual do Maranhão- UEMA, Pós-graduada em Gestão Tributária pela Universidade de São Paulo – USP. Especialista em Direito Previdenciário. Professora do Instituto Estadual de Educação, Ciência e Tecnologia do Maranhão -IEMA. Advogada do escritório Caldas Gois Advogados Associados.</p>
</div></div>



<div class="wp-block-media-text alignwide is-stacked-on-mobile" style="grid-template-columns:15% auto"><figure class="wp-block-media-text__media"><img decoding="async" loading="lazy" width="1017" height="1024" src="https://tecnolegal.com.br/cgadv/wp-content/uploads/2023/08/Picsart_23-08-03_23-00-25-458-1017x1024.png" alt="" class="wp-image-159 size-full" srcset="https://tecnolegal.com.br/cgadv/wp-content/uploads/2023/08/Picsart_23-08-03_23-00-25-458-1017x1024.png 1017w, https://tecnolegal.com.br/cgadv/wp-content/uploads/2023/08/Picsart_23-08-03_23-00-25-458-298x300.png 298w, https://tecnolegal.com.br/cgadv/wp-content/uploads/2023/08/Picsart_23-08-03_23-00-25-458-150x150.png 150w, https://tecnolegal.com.br/cgadv/wp-content/uploads/2023/08/Picsart_23-08-03_23-00-25-458-768x773.png 768w, https://tecnolegal.com.br/cgadv/wp-content/uploads/2023/08/Picsart_23-08-03_23-00-25-458.png 1236w" sizes="(max-width: 1017px) 100vw, 1017px" /></figure><div class="wp-block-media-text__content">
<p><strong>DAVID LINO ARAGÃO:</strong> Bacharel em Direito pela Universidade Estadual do Maranhão (UEMA) e advogado de Caldas Gois Advogados Associados, Pós-graduação Lato Sensu &#8211; MBA em Gestão Tributária na instituição de ensino MBA USP/Esalq.</p>
</div></div>

<p>JOSÉ CALDAS GOIS: Bacharel em Direito pela Universidade Federal do Maranhão, especialista em Direito Empresarial, fundador do Escritório Brasília em 1966 que viria se transformar na sociedade Caldas Gois Advogados Associados. Foi conselheiro, vice presidente e Presidente da Ordem dos Advogados do Brasil Seção do Maranhão por dois mandatos. JOSÉ CALDAS GOIS JÚNIOR: Bacharel em [&hellip;]</p>
