{"id":10,"date":"2023-05-27T17:54:42","date_gmt":"2023-05-27T20:54:42","guid":{"rendered":"https:\/\/tecnolegal.com.br\/?page_id=10"},"modified":"2023-08-09T20:30:55","modified_gmt":"2023-08-09T23:30:55","slug":"sobre-o-autor","status":"publish","type":"page","link":"https:\/\/tecnolegal.com.br\/?page_id=10","title":{"rendered":"Sobre o autor"},"content":{"rendered":"\n<figure class=\"wp-block-image size-full is-resized\"><img decoding=\"async\" loading=\"lazy\" src=\"http:\/\/tecnolegal.com.br\/wp-content\/uploads\/2023\/07\/Perfil.png\" alt=\"\" class=\"wp-image-112\" width=\"220\" height=\"294\" srcset=\"https:\/\/tecnolegal.com.br\/wp-content\/uploads\/2023\/07\/Perfil.png 267w, https:\/\/tecnolegal.com.br\/wp-content\/uploads\/2023\/07\/Perfil-224x300.png 224w\" sizes=\"(max-width: 220px) 100vw, 220px\" \/><\/figure>\n\n\n\n<hr class=\"wp-block-separator has-css-opacity is-style-default\"\/>\n\n\n\n<p class=\"has-text-align-left\"><em><strong>Jos\u00e9 Caldas Gois j\u00fanior<\/strong><\/em><\/p>\n\n\n\n<p class=\"has-text-align-left\">Possui gradua\u00e7\u00e3o em DIREITO pela Universidade Federal do Maranh\u00e3o(1995), Especializa\u00e7\u00e3o em Pesquisa e Ensino Superior pelo Centro Universit\u00e1rio do Maranh\u00e3o(1999),  Mestrado em Direito pela Universidade Federal de Pernambuco(2000) e \u00e9 Doutorando do Programa de P\u00f3s Gradua\u00e7\u00e3o <em>Strito Sensu<\/em> da FADISP. Professor Universit\u00e1rio na Universidade Estadual do Maranh\u00e3o e no Universidade CEUMA. Pesquisador na \u00e1rea do Direito de Inform\u00e1tica \u00e9 coordenador do NIPEDI, N\u00facleo de Pesquisa em Direito de Inform\u00e1tica da UEMA. Associado ao  IBDI \u2013 Instituto Brasileiro de Estudo e Pesquisa em Direito de Inform\u00e1tica. \u00c9 autor dos livros Direito na Era das Redes a liberdade e o delito no ciberespa\u00e7o e Cidad\u00e3o Pixel, al\u00e9m de diversas outras publica\u00e7\u00f5es em colet\u00e2nea. Advogado de Caldas Gois Advogados Associados, Assessor jur\u00eddico da CDL. Foi Presidente da Escola Superior de Advocacia do Maranh\u00e3o \u2013 ESA-MA.<\/p>\n\n\n\n<p><\/p>\n\n\n\n<hr class=\"wp-block-separator has-css-opacity is-style-default\"\/>\n\n\n\n<div class=\"wp-block-group alignfull has-contrast-color has-text-color has-link-color wp-elements-4168462b3e0431de530bc7ff1523c8e6 is-content-justification-space-between is-layout-flex wp-container-1\" style=\"padding-top:var(--wp--preset--spacing--30);padding-right:var(--wp--preset--spacing--30);padding-bottom:var(--wp--preset--spacing--30);padding-left:var(--wp--preset--spacing--30)\"><\/div>\n","protected":false},"excerpt":{"rendered":"<p>Jos\u00e9 Caldas Gois j\u00fanior Possui gradua\u00e7\u00e3o em DIREITO pela Universidade Federal do Maranh\u00e3o(1995), Especializa\u00e7\u00e3o em Pesquisa e Ensino Superior pelo Centro Universit\u00e1rio do Maranh\u00e3o(1999), Mestrado em Direito pela Universidade Federal de Pernambuco(2000) e \u00e9 Doutorando do Programa de P\u00f3s Gradua\u00e7\u00e3o Strito Sensu da FADISP. Professor Universit\u00e1rio na Universidade Estadual do Maranh\u00e3o e no Universidade CEUMA. Pesquisador na \u00e1rea do Direito de Inform\u00e1tica \u00e9 coordenador do NIPEDI, N\u00facleo de Pesquisa em Direito de Inform\u00e1tica da UEMA. Associado ao IBDI \u2013 Instituto Brasileiro de Estudo e Pesquisa em Direito de Inform\u00e1tica. \u00c9 autor dos livros Direito na Era das Redes a liberdade\u2026<\/p>\n","protected":false},"author":1,"featured_media":0,"parent":0,"menu_order":0,"comment_status":"closed","ping_status":"closed","template":"","meta":[],"blocksy_meta":"","_links":{"self":[{"href":"https:\/\/tecnolegal.com.br\/index.php?rest_route=\/wp\/v2\/pages\/10"}],"collection":[{"href":"https:\/\/tecnolegal.com.br\/index.php?rest_route=\/wp\/v2\/pages"}],"about":[{"href":"https:\/\/tecnolegal.com.br\/index.php?rest_route=\/wp\/v2\/types\/page"}],"author":[{"embeddable":true,"href":"https:\/\/tecnolegal.com.br\/index.php?rest_route=\/wp\/v2\/users\/1"}],"replies":[{"embeddable":true,"href":"https:\/\/tecnolegal.com.br\/index.php?rest_route=%2Fwp%2Fv2%2Fcomments&post=10"}],"version-history":[{"count":9,"href":"https:\/\/tecnolegal.com.br\/index.php?rest_route=\/wp\/v2\/pages\/10\/revisions"}],"predecessor-version":[{"id":139,"href":"https:\/\/tecnolegal.com.br\/index.php?rest_route=\/wp\/v2\/pages\/10\/revisions\/139"}],"wp:attachment":[{"href":"https:\/\/tecnolegal.com.br\/index.php?rest_route=%2Fwp%2Fv2%2Fmedia&parent=10"}],"curies":[{"name":"wp","href":"https:\/\/api.w.org\/{rel}","templated":true}]}}